{"id":515,"date":"2025-11-04T14:35:21","date_gmt":"2025-11-04T19:35:21","guid":{"rendered":"https:\/\/negrotropico.com\/tienda\/?post_type=product&#038;p=515"},"modified":"2026-04-02T10:07:32","modified_gmt":"2026-04-02T15:07:32","slug":"la-vaguemia","status":"publish","type":"product","link":"https:\/\/negrotropico.com\/tienda\/producto\/libro\/la-vaguemia\/","title":{"rendered":"La Vaguemia"},"content":{"rendered":"<p>Sobre Harold Pardey Becerra<\/p>\n<p>Comunicador social y periodista egresado de la Universidad del Valle. Cronista, radialista y documentalista cuyas inquietudes profesionales lo han llevado explorar m\u00faltiples tem\u00e1ticas de resistencia cultural en la urbe cale\u00f1a y las tribus urbanas en Am\u00e9rica Latina dentro de una perspectiva, como es la cr\u00edtica sobre la cultura y la comunicaci\u00f3n de la sociedad contempor\u00e1nea, con un celo e inter\u00e9s en la escritura, desde aquellas m\u00e1s formalmente acad\u00e9micas hasta ciertas e interesantes derivas experimentales, que se pueden apreciar en publicaciones como La Ciudad de los Fan\u00e1ticos (2004), Cr\u00f3nicas callejeras del dobleupunto (2006), Radio Zudaca Sursystem (2007), Kr\u00f3nicas Ambulantes Malicia Zudaca (2017); y en fanzines como Sat\u00e9lite Sursystem, Musa enferma, Trinchera ganja, Fuzil y Fan\u00e1tico Escarlata, la revista Malungaje, el peri\u00f3dico cultural La Palabra, y tambi\u00e9n en plataformas transmedia como Negrotropico.com. y juntanzas como la Radio Relajo, y la Kofrad\u00eda Sur Mestiza.<\/p>\n","protected":false},"excerpt":{"rendered":"<p>Libro: La Vaguemia. Cr\u00f3nicas Zudacas &#038; Otros Relatos de Literalleka Sound System<br \/>\nHarold Pardey Becerra<\/p>\n<p>23 x 16.5 cms<br \/>\n174 p\u00e1ginas<br \/>\nPortada 2 tintas<br \/>\nPropalcote 240grs<br \/>\nLaminada mate<br \/>\nTerminado en hot-melt<br \/>\n2025<\/p>\n","protected":false},"featured_media":516,"comment_status":"open","ping_status":"closed","template":"","meta":[],"product_brand":[],"product_cat":[93],"product_tag":[91,90,92],"class_list":{"0":"post-515","1":"product","2":"type-product","3":"status-publish","4":"has-post-thumbnail","6":"product_cat-libro","7":"product_tag-harold-pardey-becerra","8":"product_tag-la-vaguemia","9":"product_tag-zudaca-boy","11":"first","12":"instock","13":"shipping-taxable","14":"purchasable","15":"product-type-simple"},"_links":{"self":[{"href":"https:\/\/negrotropico.com\/tienda\/wp-json\/wp\/v2\/product\/515","targetHints":{"allow":["GET"]}}],"collection":[{"href":"https:\/\/negrotropico.com\/tienda\/wp-json\/wp\/v2\/product"}],"about":[{"href":"https:\/\/negrotropico.com\/tienda\/wp-json\/wp\/v2\/types\/product"}],"replies":[{"embeddable":true,"href":"https:\/\/negrotropico.com\/tienda\/wp-json\/wp\/v2\/comments?post=515"}],"wp:featuredmedia":[{"embeddable":true,"href":"https:\/\/negrotropico.com\/tienda\/wp-json\/wp\/v2\/media\/516"}],"wp:attachment":[{"href":"https:\/\/negrotropico.com\/tienda\/wp-json\/wp\/v2\/media?parent=515"}],"wp:term":[{"taxonomy":"product_brand","embeddable":true,"href":"https:\/\/negrotropico.com\/tienda\/wp-json\/wp\/v2\/product_brand?post=515"},{"taxonomy":"product_cat","embeddable":true,"href":"https:\/\/negrotropico.com\/tienda\/wp-json\/wp\/v2\/product_cat?post=515"},{"taxonomy":"product_tag","embeddable":true,"href":"https:\/\/negrotropico.com\/tienda\/wp-json\/wp\/v2\/product_tag?post=515"}],"curies":[{"name":"wp","href":"https:\/\/api.w.org\/{rel}","templated":true}]}}